**2 - d + 1. Let a = -55 + 53. Is n(a) composite?
False
Let z(s) = -2427*s - 565. Is z(-6) a composite number?
False
Let r(i) = -4 - 3 + 146*i + 6. Let d = 3 - 2. Is r(d) prime?
False
Suppose 2*u - 17*u = -128175. Is u a composite number?
True
Let w(k) = -k**2 + 3*k + 1. Let z be w(2). Suppose -i - z*i = 5*u - 534, -u + 2 = 0. Is i prime?
True
Let x(t) = t**2 - 9. Let v be x(3). Suppose 992 + 482 = 2*o - 4*h, v = 2*o - h - 1459. Is o a composite number?
False
Let j = -1995 + 3530. Is j a prime number?
False
Let u = -201 + 377. Suppose u = 7*f - 6*f. Let t = -81 + f. Is t prime?
False
Suppose 2*a + 9 = -t, -5*a + 7 = -3*t + 2. Is (891/2 + a)/((-3)/(-6)) composite?
False
Let t(m) = -m**3 + 3*m**2 - 3*m + 2. Let v be t(6). Let b = v - -271. Is (-28)/6*b/(-14) a composite number?
True
Let d(i) = 2862*i**2 + 3*i + 4. Let x be d(-1). Suppose x = -9*n + 16*n. Is n composite?
False
Let u(s) = -2*s - 11. Let l be u(-8). Suppose 4*y + 253 = 3*a - 412, -1113 = -l*a + 2*y. Is a composite?
False
Let b(d) be the second derivative of 73*d**3/2 + 5*d**2/2 - 19*d. Is b(3) a composite number?
True
Let b = -2144 - -9547. Is b a prime number?
False
Let w(i) = -92*i**2 - 2. Let p be w(-1). Let k = -51 - p. Is k composite?
False
Let j(t) = -315*t - 10. Let h be (-1)/4*(-7 + 4 - -7). Is j(h) a composite number?
True
Let k(v) = 342*v + 31. Let t = -85 + 89. Is k(t) composite?
False
Let x(c) = 90*c**2 - 4*c - 2. Let y be x(-3). Let v = y - -939. Is v composite?
False
Let j(r) = 17*r**3 - 12*r**3 - 6*r**3 - r**2 + 31. Is j(0) a prime number?
True
Suppose 4233 = 3*i - 71970. Is i a prime number?
False
Suppose 4939 - 1274 = 5*t. Is t a prime number?
True
Let m(q) = q**3 - 3*q**2 - 10*q + 11. Let y be m(5). Suppose 17*s = y*s + 1524. Is s a prime number?
False
Suppose 4*m + 13513 = -7*u + 10*u, 3*u - 13527 = -3*m. Is u a prime number?
True
Suppose 2211 = -5*o + 46846. Is o a composite number?
True
Suppose 2*l + 9 = -2*p - 27, 0 = -l - 4*p - 18. Suppose -3*w + 616 = 2*h + 2*h, 4*h - w - 632 = 0. Let n = l + h. Is n composite?
False
Let s = 5 + -5. Suppose -4*d + 12 = n - 10, n + 2*d - 12 = s. Suppose -n*b = -8*b + 894. Is b composite?
False
Let p(z) be the second derivative of z**5/20 + z**3/3 + 23*z**2/2 + 4*z. Is p(0) prime?
True
Suppose 10*c - 47 - 23 = 0. Let w(k) be the third derivative of k**6/120 + k**5/30 + 5*k**4/24 + k**3/2 + 2*k**2. Is w(c) a prime number?
True
Suppose -3*a + x - 2102 = -28001, 3*a - 25899 = -4*x. Is a a composite number?
True
Is (-18539)/2*(160/10)/(-8) a composite number?
False
Suppose q = 5*q - 8. Suppose q*c + 3*c = 110. Is c prime?
False
Suppose 116*p = 130*p - 620914. Is p composite?
False
Let f = 21368 + -14036. Suppose 13391 + f = 17*c. Is c prime?
False
Let p(s) = -3*s**3 - 7*s**2 + 9*s + 15. Let t be p(-6). Suppose 0 = 4*l - 5*i - 2149, 3*l + t = -i + 1983. Is l composite?
False
Let a = 1553 - 632. Is a prime?
False
Suppose 2*h + 1 = 3*j - 4, j - 3 = 0. Suppose -h*x + 23 = -x - 5*y, -5*y - 26 = -2*x. Is x/(-4) + (-1236)/(-48) composite?
True
Let v(k) = -k**3 - 2*k**2 + 3*k - 1. Let y(o) = -6*o**3 - 11*o**2 + 16*o - 6. Let a(s) = -33*v(s) + 6*y(s). Is a(-3) a prime number?
False
Suppose 3*u - 1195 = 4*l - 0*l, 2*u + l - 815 = 0. Let r = 366 + u. Let n = r + -506. Is n composite?
True
Let v be (-6)/(-18) + 1303/(-3). Is (-3)/(-9) + v/(-3) a prime number?
False
Let u(c) = -2*c**3 + c**2 + 4*c - 1. Let i(y) = y**3 - y**2 - 1. Let b(q) = 3*i(q) + u(q). Let f be b(-4). Let d = 171 + f. Is d a prime number?
False
Let o(s) = -128*s + 10. Let b be o(7). Let z = -213 - b. Is z composite?
False
Suppose 8*i - 10 = 6. Suppose -3*o - 5*x = -2574, 4*o + i*x - 2761 = 685. Is o composite?
False
Let g = 8814 + -5123. Is g a composite number?
False
Let h = 15044 + -7758. Is h a composite number?
True
Let c(x) be the third derivative of -17*x**5/20 - 7*x**4/24 - 7*x**3/6 + 7*x**2. Let a(i) be the first derivative of c(i). Is a(-7) composite?
True
Let y be (-1 + 0)/(2/4). Let t(x) = 7*x**2 + 5*x - 29. Let d be t(4). Is (-9 - -7)/(y/d) a prime number?
True
Suppose -10*a + 84 = -3*a. Suppose -17*q = -a*q - 3175. Is q prime?
False
Suppose 0 = -j + 7*j - 6. Is (1 + j/(-3))/((-114)/(-492309)) composite?
False
Let r be 4 - 3*(-5690)/15. Let h = 2401 - r. Is h composite?
False
Suppose 45*d = 1790676 - 626121. Is d a prime number?
False
Suppose -14*v = -9*v - 144505. Is v prime?
True
Suppose -112*h + 24039 = -103*h. Is h a prime number?
True
Let f = 726 + -399. Is f prime?
False
Let u(k) = 15 - 5*k - 6*k**3 - 14*k**2 + 17*k + 7*k**3. Is u(14) composite?
True
Is (0 + 1)*(-4015 - -8)*-1 a prime number?
True
Suppose 0 = -2*a + 4*a. Let i be -1 + 6 - a/10. Suppose -i*p + 169 = -226. Is p a composite number?
False
Is -1*8 + -3 + 13912 a prime number?
True
Let q(d) = 57*d**2 - 8*d + 14. Suppose -4*o - 4*g + 4 = -0, 2*g = -8. Is q(o) a composite number?
False
Let p = -292 + 150. Let v be (-396)/2*-1 - -3. Let s = p + v. Is s composite?
False
Let i(x) = 573*x**3 + 4*x**2 + 22*x + 10. Is i(5) composite?
True
Suppose 0*q - 2*q = -3*j - 5969, -2*q + 5957 = j. Let m = q - -447. Suppose -5*n = -3*c - m, -4*n - n + 3423 = -2*c. Is n composite?
False
Let g = -17936 + 29605. Is g composite?
True
Suppose 2*j - 6789 = 5005. Is j prime?
True
Let c(a) = a - 24. Let l be c(22). Is l - (-3)/((-12)/(-9148)) a prime number?
False
Suppose -2*p + 5*n + 16 = 0, 4 + 1 = p - n. Let c = p + 1. Suppose c*g - 3*a + 0*a - 304 = 0, 375 = 5*g - 5*a. Is g prime?
True
Let y(d) = 5*d**3 + 2*d**2 - 14*d + 7. Let t be y(-7). Let h = t - -3009. Is h a composite number?
True
Let u = 4571 + 4370. Is u composite?
False
Let f be 48/(-28)*1652/(-8). Suppose o = b - 196, -2*b + 18 = 2*o - f. Is b prime?
True
Let d = 43 - 46. Is (d/(-2))/((-1465)/740 + 2) composite?
True
Let n(r) = 5*r**3 - 8*r - 2. Let v = -16 - -13. Let x be n(v). Let j = x - -240. Is j a composite number?
False
Let d be -812*(9/6)/1. Let j = d - -742. Let i = -295 - j. Is i a composite number?
False
Let l(g) = g**3 - 13*g**2 + 11*g + 15. Let t be l(12). Suppose 7*r - t*r + 2*x - 5902 = 0, -4*r + 5896 = -4*x. Suppose 2*u - 7*u + r = 0. Is u prime?
False
Let h(d) = d**3 - 9*d**2 + 7. Let a be h(9). Suppose -6*p - a = -7*p. Suppose -405 = p*x - 2456. Is x a prime number?
True
Suppose -3*z + w + 57 = z, 2*z - 2*w - 36 = 0. Let t(u) = u**3 - 3*u**2 + 13*u - 20. Is t(z) composite?
True
Is ((-19111)/3)/((-4)/12) composite?
True
Let w(v) = -2*v - 1. Let l be w(2). Let t(z) = -3*z**3 - 2*z**2 + 7*z + 5. Let y be t(l). Suppose 5*g + 5*a = 980 - y, 0 = g + 4*a - 125. Is g prime?
False
Suppose 4*o = -5*z + 222 + 787, 5*o - 595 = -3*z. Suppose 4*i - 190 = -3*q + 663, -i + 2*q + z = 0. Is i a prime number?
True
Suppose 9*m + 6979 = 26806. Is m composite?
False
Let f(n) be the third derivative of 17*n**4/24 - 5*n**3/6 + 2*n**2. Suppose 0 = -3*k + 3*l - 6*l + 42, -5*k + 2*l + 56 = 0. Is f(k) a prime number?
True
Let i(l) = 7*l**2 - 7*l - 17*l**2 + 2*l - 3*l + 12. Let p be i(8). Is p/(-36) - (-2)/(-9) composite?
False
Suppose 2*o + 5*n - 15 = 0, -5*o + 0*n = 3*n - 85. Let q = 7 + o. Let d = q - -112. Is d prime?
True
Suppose 0 = 2*b + 3*b - 3*u - 34, -5*b = -5*u - 40. Suppose -16 = b*t - t. Is (t/3)/(3/(-9)) prime?
False
Let k(n) = -n**2 + 10*n - 10. Let p be 0 + 10 + (-2)/1. Let g be k(p). Is ((-56)/12)/(g/(-369)) prime?
False
Suppose -5*b + 0*n - 5*n = -50, 0 = 4*b - n - 60. Let k = -25 + b. Let i = 69 + k. Is i composite?
True
Let b(k) be the second derivative of -1/2*k**2 - 1/6*k**3 + 0 + 9*k + 1901/12*k**4. Is b(-1) prime?
True
Let q be 0 - (3 + -3) - 1. Let r be -1 - -791 - (q + 2). Is r/15 - (-4)/10 prime?
True
Let u = -377 - -1230. Is u a composite number?
False
Let p(l) = -l**2 - 7*l + 12. Let y be p(-8). Suppose -y*b + 1473 = -b - 5*f, 0 = 5*f. Is b a prime number?
True
Let r = 57 + -39. Suppose -k - v + 3 = 0, k - 7 = -3*k - 3*v. Is (r/(-15))/(k/5) a composite number?
False
Let d = -4 - -10. Let p be 0 + 8/12*d. Suppose -p*u = -119 + 35. Is u a prime number?
False
Let d = 1510 - 2582. Let n(k) = k**3 - 24*k**2 - 11*k + 3. Let g be n(21). Let u = d - g. Is u prime?
True
Suppose h = -0*t - t - 3, 3*h = -2*t - 4. Suppose h*d - 5*d = 0, -4*b - 5*d = -468. Suppose 5*u - b = -3*w, -4*u + 4*w = -6*u + 58. Is u a composite number?
True
Let i = 10 - 1